3001
What are the prime factors of 4311740751?
3, 1437246917
List the prime factors of 1652832044.
2, 413208011
List the prime factors of 71041774.
2, 4481, 7927
List the prime factors of 4767753150.
2, 3, 5, 1177223
What are the prime factors of 5935982212?
2, 59, 139, 3067
What are the prime factors of 269712556?
2, 67428139
List the prime factors of 5760833579.
17573, 327823
List the prime factors of 40315583.
7, 11, 74797
What are the prime factors of 109292038?
2, 5647, 9677
What are the prime factors of 801532505?
5, 160306501
List the prime factors of 730896751.
13, 1093, 51439
What are the prime factors of 175851064?
2, 47, 467689
List the prime factors of 215559252.
2, 3, 17, 113, 1039
What are the prime factors of 3489472037?
17, 19, 1987, 5437
What are the prime factors of 3331290599?
7, 13, 107, 359, 953
What are the prime factors of 90375931?
41, 113, 19507
What are the prime factors of 72848807?
4793, 15199
List the prime factors of 2777748251.
701, 941, 4211
List the prime factors of 79156894.
2, 43, 61, 79, 191
List the prime factors of 38632905.
3, 5, 59, 14551
What are the prime factors of 366118296?
2, 3, 19, 499, 1609
What are the prime factors of 374794181?
67, 5593943
List the prime factors of 460074400.
2, 5, 17, 33829
List the prime factors of 7441807602.
2, 3, 97, 12786611
List the prime factors of 16224702.
2, 3, 13, 208009
What are the prime factors of 499764965?
5, 7, 2039857
List the prime factors of 4659094120.
2, 5, 17, 19, 360611
List the prime factors of 291933006.
2, 3, 48655501
What are the prime factors of 42706239?
3, 23, 83, 7457
List the prime factors of 1505427248.
2, 13, 17, 43, 9901
What are the prime factors of 645706586?
2, 7, 47, 809, 1213
List the prime factors of 78443954.
2, 43, 883, 1033
What are the prime factors of 17478831?
3, 5826277
What are the prime factors of 201979021?
201979021
List the prime factors of 207117604.
2, 389, 133109
What are the prime factors of 240653875?
5, 7, 11, 2273
What are the prime factors of 2611981470?
2, 3, 5, 7, 1373, 9059
What are the prime factors of 241027411?
17, 53, 267511
List the prime factors of 790673522.
2, 181, 193, 11317
List the prime factors of 156908841.
3, 67, 661, 1181
What are the prime factors of 6233420542?
2, 31, 61, 1648181
What are the prime factors of 962196154?
2, 481098077
List the prime factors of 2661560414.
2, 23, 57860009
What are the prime factors of 115126310?
2, 5, 13, 173, 5119
List the prime factors of 402454.
2, 13, 23, 673
List the prime factors of 382781137.
382781137
List the prime factors of 5496364812.
2, 3, 89, 5146409
List the prime factors of 314558828.
2, 977, 80491
List the prime factors of 119913828.
2, 3, 31, 322349
What are the prime factors of 438733209?
3, 146244403
List the prime factors of 1528685624.
2, 103, 307, 6043
What are the prime factors of 6307915?
5, 149, 8467
What are the prime factors of 1412178?
2, 3, 373, 631
List the prime factors of 6901963637.
17, 53, 1303, 5879
List the prime factors of 9101892.
2, 3, 758491
What are the prime factors of 74785056?
2, 3, 779011
List the prime factors of 3255905483.
197, 16527439
What are the prime factors of 344295825?
3, 5, 79, 58109
What are the prime factors of 48818836?
2, 11, 37, 157, 191
What are the prime factors of 27485273?
4483, 6131
What are the prime factors of 648957456?
2, 3, 7, 17, 37871
List the prime factors of 3227401448.
2, 17, 23730893
What are the prime factors of 66796141?
107, 199, 3137
List the prime factors of 1032584463.
3, 38243869
What are the prime factors of 2428646266?
2, 1214323133
List the prime factors of 111994053.
3, 229, 163019
What are the prime factors of 81742029?
3, 27247343
List the prime factors of 5209714756.
2, 1302428689
List the prime factors of 3918164126.
2, 23, 197, 432373
List the prime factors of 1430983131.
3, 476994377
List the prime factors of 4049154235.
5, 7, 89, 313, 4153
What are the prime factors of 288334885?
5, 57666977
List the prime factors of 377996592.
2, 3, 7874929
List the prime factors of 99825353.
2579, 38707
What are the prime factors of 44100068?
2, 29, 103, 3691
What are the prime factors of 421213536?
2, 3, 23, 63589
What are the prime factors of 6436848?
2, 3, 11, 73, 167
What are the prime factors of 26975672?
2, 439, 7681
List the prime factors of 131270361.
3, 23, 1902469
List the prime factors of 30081807.
3, 7, 19, 8377
What are the prime factors of 105597190?
2, 5, 223, 47353
What are the prime factors of 1658396483?
1658396483
What are the prime factors of 151818540?
2, 3, 5, 2530309
What are the prime factors of 1506168?
2, 3, 19, 367
List the prime factors of 391914735.
3, 5, 73, 357913
What are the prime factors of 19685511?
3, 243031
What are the prime factors of 7890201?
3, 11, 79699
List the prime factors of 102206614.
2, 29, 43, 107, 383
What are the prime factors of 1654231757?
73, 193, 117413
List the prime factors of 345619879.
11, 101, 113, 2753
What are the prime factors of 222563645?
5, 2767, 16087
List the prime factors of 87870682.
2, 683, 64327
List the prime factors of 423190932.
2, 3, 5807, 6073
List the prime factors of 142843783.
142843783
List the prime factors of 1343143427.
12511, 107357
List the prime factors of 3352568096.
2, 17, 6162809
What are the prime factors of 199085991?
3, 13, 5104769
What are the prime factors of 215332384?
2, 6729137
What are the prime factors of 49491544?
2, 71, 87133
List the prime factors of 85471020.
2, 3, 5, 474839
List the prime factors of 34575434.
2, 173, 99929
What are the prime factors of 1473259390?
2, 5, 1789, 82351
What are the prime factors of 2970698916?
2, 3, 2393, 103451
What are the prime factors of 273180811?
929, 294059
List the prime factors of 38532638.
2, 67, 287557
What are the prime factors of 647481819?
3, 215827273
List the prime factors of 2117471221.
29, 3217, 22697
List the prime factors of 2034778831.
2034778831
List the prime factors of 405763527.
3, 13, 10404193
What are the prime factors of 354554049?
3, 43, 71, 38711
What are the prime factors of 1634052782?
2, 19, 241, 9391
List the prime factors of 82580615.
5, 13, 1270471
What are the prime factors of 17952300?
2, 3, 5, 61, 109
List the prime factors of 697656159.
3, 2871013
What are the prime factors of 1794222325?
5, 7, 79, 233, 557
What are the prime factors of 271729429?
23, 397, 29759
What are the prime factors of 307593611?
13, 23661047
What are the prime factors of 1237174863?
3, 149, 2767729
List the prime factors of 82900746.
2, 3, 397, 1289
List the prime factors of 1581649162.
2, 17, 83, 560471
What are the prime factors of 224810782?
2, 7, 16057913
List the prime factors of 6764313.
3, 2254771
What are the prime factors of 112328302?
2, 7207, 7793
What are the prime factors of 1096560114?
2, 3, 13, 43, 326941
List the prime factors of 1120883817.
3, 23, 706291
What are the prime factors of 160094878?
2, 47, 641, 2657
List the prime factors of 87700380.
2, 3, 5, 23, 103, 617
List the prime factors of 55565803.
55565803
List the prime factors of 5841165205.
5, 1847, 632503
List the prime factors of 2914626571.
2914626571
What are the prime factors of 216664289?
216664289
What are the prime factors of 749358821?
547, 1369943
What are the prime factors of 54550428?
2, 3, 4545869
List the prime factors of 624513675.
3, 5, 47, 177167
What are the prime factors of 2045034302?
2, 269, 3801179
List the prime factors of 2385134690.
2, 5, 2999, 79531
What are the prime factors of 52592897?
7, 2437, 3083
What are the prime factors of 97545684?
2, 3, 8128807
List the prime factors of 113015952.
2, 3, 7, 19, 281
What are the prime factors of 67379124?
2, 3, 5614927
What are the prime factors of 2468142352?
2, 13, 11866069
List the prime factors of 705869848.
2, 83, 587, 1811
What are the prime factors of 71963197?
887, 81131
What are the prime factors of 2503363391?
2503363391
List the prime factors of 1784863446.
2, 3, 47, 109, 58067
List the prime factors of 44845337.
17, 2637961
What are the prime factors of 5443004402?
2, 11, 247409291
List the prime factors of 1124809341.
3, 29, 12928843
What are the prime factors of 32810133?
3, 10936711
List the prime factors of 19289393.
41, 470473
List the prime factors of 1673059680.
2, 3, 5, 6